
23
Calculate the remainder when 126 is divided by 100.
26
Calculate the remainder when 320 is divided by 165.
155
Calculate the remainder when 8545 is divided by 21.
19
What is the remainder when 103 is divided by 15?
13
Calculate the remainder when 25 is divided by 6.
1
What is the remainder when 11502 is divided by 177?
174
What is the remainder when 26 is divided by 9?
8
Calculate the remainder when 16261 is divided by 47.
46
Calculate the remainder when 495 is divided by 482.
13
What is the remainder when 366 is divided by 27?
15
Calculate the remainder when 1273 is divided by 71.
66
Calculate the remainder when 850 is divided by 26.
18
What is the remainder when 1794 is divided by 298?
6
Calculate the remainder when 4209 is divided by 86.
81
Calculate the remainder when 5095 is divided by 1695.
10
Calculate the remainder when 60 is divided by 31.
29
What is the remainder when 1013 is divided by 13?
12
What is the remainder when 445 is divided by 43?
15
Calculate the remainder when 26 is divided by 17.
9
Calculate the remainder when 136 is divided by 13.
6
What is the remainder when 151 is divided by 76?
75
Calculate the remainder when 104 is divided by 38.
28
Calculate the remainder when 652 is divided by 29.
14
Calculate the remainder when 400 is divided by 66.
4
Calculate the remainder when 356 is divided by 24.
20
Calculate the remainder when 211 is divided by 27.
22
What is the remainder when 296 is divided by 50?
46
What is the remainder when 118 is divided by 60?
58
What is the remainder when 24819 is divided by 340?
339
What is the remainder when 85 is divided by 35?
15
Calculate the remainder when 893 is divided by 7.
4
Calculate the remainder when 144 is divided by 9.
0
What is the remainder when 125 is divided by 99?
26
Calculate the remainder when 420 is divided by 82.
10
What is the remainder when 121 is divided by 32?
25
What is the remainder when 57118 is divided by 24?
22
Calculate the remainder when 71 is divided by 11.
5
What is the remainder when 312 is divided by 44?
4
Calculate the remainder when 1096 is divided by 61.
59
Calculate the remainder when 3749 is divided by 31.
29
What is the remainder when 110 is divided by 32?
14
What is the remainder when 2309 is divided by 33?
32
What is the remainder when 106 is divided by 36?
34
What is the remainder when 50 is divided by 3?
2
Calculate the remainder when 6155 is divided by 181.
1
What is the remainder when 472 is divided by 281?
191
What is the remainder when 190 is divided by 84?
22
Calculate the remainder when 2507 is divided by 31.
27
Calculate the remainder when 35 is divided by 12.
11
What is the remainder when 192 is divided by 55?
27
Calculate the remainder when 245 is divided by 31.
28
Calculate the remainder when 327 is divided by 94.
45
What is the remainder when 194 is divided by 22?
18
What is the remainder when 40821 is divided by 168?
165
Calculate the remainder when 1318 is divided by 134.
112
What is the remainder when 859 is divided by 10?
9
What is the remainder when 34 is divided by 10?
4
Calculate the remainder when 60 is divided by 1.
0
What is the remainder when 114 is divided by 33?
15
Calculate the remainder when 420 is divided by 107.
99
Calculate the remainder when 78 is divided by 4.
2
What is the remainder when 400 is divided by 163?
74
Calculate the remainder when 17 is divided by 12.
5
Calculate the remainder when 376 is divided by 369.
7
Calculate the remainder when 265 is divided by 90.
85
Calculate the remainder when 223 is divided by 101.
21
Calculate the remainder when 171 is divided by 118.
53
What is the remainder when 2942 is divided by 31?
28
Calculate the remainder when 650 is divided by 313.
24
Calculate the remainder when 677 is divided by 85.
82
Calculate the remainder when 3284 is divided by 91.
8
Calculate the remainder when 5471 is divided by 34.
31
Calculate the remainder when 494 is divided by 15.
14
Calculate the remainder when 100 is divided by 82.
18
What is the remainder when 6836 is divided by 26?
24
Calculate the remainder when 85 is divided by 38.
9
Calculate the remainder when 2326 is divided by 12.
10
Calculate the remainder when 128 is divided by 54.
20
What is the remainder when 391 is divided by 173?
45
Calculate the remainder when 4717 is divided by 143.
141
Calculate the remainder when 107 is divided by 58.
49
What is the remainder when 103 is divided by 12?
7
Calculate the remainder when 94 is divided by 40.
14
What is the remainder when 9331 is divided by 717?
10
What is the remainder when 3063 is divided by 1523?
17
What is the remainder when 2005 is divided by 499?
9
What is the remainder when 98 is divided by 22?
10
Calculate the remainder when 382 is divided by 6.
4
What is the remainder when 228 is divided by 24?
12
Calculate the remainder when 5565 is divided by 87.
84
Calculate the remainder when 158 is divided by 30.
8
What is the remainder when 240 is divided by 9?
6
What is the remainder when 2001 is divided by 56?
41
What is the remainder when 1363 is divided by 31?
30
What is the remainder when 526 is divided by 31?
30
Calculate the remainder when 834 is divided by 65.
54
What is the remainder when 104 is divided by 99?
5
Calculate the remainder when 388 is divided by 4.
0
Calculate the remainder when 203 is divided by 35.
28
Calculate the remainder when 8314 is divided by 154.
152
Calculate the remainder when 4285 is divided by 2135.
15
What is the remainder when 1200 is divided by 397?
9
Calculate the remainder when 1515 is divided by 41.
39
Calculate the remainder when 423 is divided by 306.
117
Calculate the remainder when 12601 is divided by 3.
1
What is the remainder when 386 is divided by 23?
18
Calculate the remainder when 689 is divided by 53.
0
What is the remainder when 17659 is divided by 12?
7
What is the remainder when 7477 is divided by 40?
37
Calculate the remainder when 364 is divided by 25.
14
Calculate the remainder when 456 is divided by 46.
42
Calculate the remainder when 383 is divided by 35.
33
Calculate the remainder when 291 is divided by 33.
27
Calculate the remainder when 116 is divided by 17.
14
What is the remainder when 663 is divided by 309?
45
Calculate the remainder when 142 is divided by 18.
16
Calculate the remainder when 1388 is divided by 72.
20
What is the remainder when 321 is divided by 18?
15
Calculate the remainder when 178 is divided by 8.
2
Calculate the remainder when 202 is divided by 70.
62
Calculate the remainder when 1628 is divided by 17.
13
What is the remainder when 1669 is divided by 168?
157
Calculate the remainder when 2244 is divided by 1114.
16
Calculate the remainder when 39904 is divided by 27.
25
Calculate the remainder when 1350 is divided by 446.
12
Calculate the remainder when 210 is divided by 57.
39
Calculate the remainder when 181 is divided by 24.
13
Calculate the remainder when 390 is divided by 188.
14
Calculate the remainder when 235 is divided by 34.
31
What is the remainder when 30 is divided by 18?
12
What is the remainder when 303 is divided by 102?
99
Calculate the remainder when 309 is divided by 48.
21
What is the remainder when 293 is divided by 41?
6
Calculate the remainder when 36033 is divided by 42.
39
Calculate the remainder when 441 is divided by 151.
139
What is the remainder when 1141 is divided by 44?
41
What is the remainder when 176 is divided by 4?
0
What is the remainder when 85 is divided by 84?
1
What is the remainder when 58897 is divided by 49?
48
Calculate the remainder when 1234 is divided by 89.
77
What is the remainder when 78 is divided by 15?
3
What is the remainder when 1784 is divided by 6?
2
Calculate the remainder when 109 is divided by 30.
19
What is the remainder when 45 is divided by 24?
21
Calculate the remainder when 228 is divided by 11.
8
Calculate the remainder when 255 is divided by 6.
3
What is the remainder when 5422 is divided by 175?
172
What is the remainder when 139 is divided by 28?
27
Calculate the remainder when 229 is divided by 176.
53
Calculate the remainder when 363 is divided by 9.
3
What is the remainder when 8923 is divided by 119?
117
What is the remainder when 50 is divided by 15?
5
Calculate the remainder when 358 is divided by 131.
96
Calculate the remain